{"id":55,"date":"2016-08-10T19:19:11","date_gmt":"2016-08-10T17:19:11","guid":{"rendered":"http:\/\/basicsforlife.de\/?page_id=55"},"modified":"2025-09-08T19:29:00","modified_gmt":"2025-09-08T17:29:00","slug":"coachingworkshop_lebeninleichtigkeit","status":"publish","type":"page","link":"https:\/\/www.basicsforlife.de\/Hofheim\/coachingworkshop_lebeninleichtigkeit\/","title":{"rendered":"Leben in Leichtigkeit &#8211; Workshop"},"content":{"rendered":"<div id=\"main\">\n<div id=\"primary\">\n<div id=\"content\">\n<article id=\"post-99\" class=\"post-99 page type-page status-publish hentry\">\n<div class=\"entry-content\"><span style=\"color: #361b02;\">&#8222;Leben in Leichtigkeit&#8220; &#8211; m\u00f6chten wir das nicht alle? Und doch gibt es immer wieder innerliche Widerst\u00e4nde, die uns davon abhalten. Jeder von uns kennt es, sich in verschiedenen Situationen gefangen und unfrei zu f\u00fchlen. Manchmal versuchen wir, den damit verbundenen Gef\u00fchlen mit aller Macht aus dem Weg zu gehen. Wie w\u00e4re es, wenn wir diese Widerst\u00e4nde annehmen lernen und uns dadurch freier f\u00fchlen d\u00fcrfen? <\/span><span style=\"color: #361b02;\">In den zwei Tagen w\u00e4hrend des &#8222;LIL&#8220;-Workshops werden wir uns die Themen, die hinter Deinen Konflikten und Herausforderungen stehen, detailliert anschauen und energetisch ver\u00e4ndern. <\/span><span style=\"color: #361b02;\">Das hei\u00dft, dass Du k\u00fcnftig eine neue Sichtweise auf die zuvor belastenden Herausforderungen haben kannst und Dir die Lernaufgaben des Lebens von einer anderen Seite anschauen wirst. Bitte \u00fcberlege Dir ein Thema, welches Du in den zwei Tagen bearbeiten m\u00f6chtest. <\/span><span style=\"color: #361b02;\">Durch das Arbeiten an diesem Schmerz oder dieser Angst, welches in der Vergangenheit so viel Energie gebunden hat, kann sich das gesamte Energiefeld ver\u00e4ndern und eine L\u00f6sung f\u00fcr alle ist m\u00f6glich.<\/span><\/p>\n<p><span style=\"color: #361b02;\">Die Kurszeiten sind: <\/span><\/p>\n<p><span style=\"color: #361b02;\">Sa. 10:00 bis 18:00 Uhr <\/span><\/p>\n<p><span style=\"color: #361b02;\">So. 09:00 bis 13:00 Uhr<\/span><\/p>\n<p><span style=\"color: #361b02;\">Hier geht es zu den<em style=\"color: #800080;\">\u00a0<a style=\"color: #361b02;\" href=\"https:\/\/www.basicsforlife.de\/Hofheim\/termine-energiearbeit\/\" target=\"_blank\" rel=\"noopener noreferrer\">Terminen und Preisen<\/a><\/em>.<\/span><\/p>\n<h2 style=\"color: #000000;\"><span style=\"color: #361b02;\"><a class=\"maxbutton-5 maxbutton maxbutton-anmeldung-zu-unseren-energiekursen\" target=\"_blank\" rel=\"noopener\" href=\"https:\/\/www.basicsforlife.de\/Hofheim\/anmeldung-basics-for-life\/\"><span class='mb-text'>Hier geht es zur Anmeldung!<\/span><\/a>\u00a0<\/span><\/h2>\n<p><span style=\"color: #361b02;\"><em>Es\u00a0wird ausdr\u00fccklich darauf hingewiesen, dass eine &#8222;Leben in Leichtigkeit&#8220;-Sitzung keineswegs den Besuch eines Arztes und dessen diagnostische T\u00e4tigkeit und Behandlung ersetzen kann.<\/em><\/span><\/p>\n<\/div>\n<footer class=\"entry-meta\"><\/footer>\n<\/article>\n<\/div>\n<\/div>\n<\/div>\n<footer id=\"colophon\"><\/footer>\n","protected":false},"excerpt":{"rendered":"<p>&#8222;Leben in Leichtigkeit&#8220; &#8211; m\u00f6chten wir das nicht alle? Und doch gibt es immer wieder innerliche Widerst\u00e4nde, die uns davon abhalten. Jeder von uns kennt es, sich in verschiedenen Situationen gefangen und unfrei zu f\u00fchlen. Manchmal versuchen wir, den damit &hellip; <a href=\"https:\/\/www.basicsforlife.de\/Hofheim\/coachingworkshop_lebeninleichtigkeit\/\">Weiterlesen <span class=\"meta-nav\">&rarr;<\/span><\/a><\/p>\n","protected":false},"author":2,"featured_media":0,"parent":0,"menu_order":0,"comment_status":"closed","ping_status":"closed","template":"sidebar-page.php","meta":{"footnotes":""},"class_list":["post-55","page","type-page","status-publish","hentry"],"_links":{"self":[{"href":"https:\/\/www.basicsforlife.de\/Hofheim\/wp-json\/wp\/v2\/pages\/55","targetHints":{"allow":["GET"]}}],"collection":[{"href":"https:\/\/www.basicsforlife.de\/Hofheim\/wp-json\/wp\/v2\/pages"}],"about":[{"href":"https:\/\/www.basicsforlife.de\/Hofheim\/wp-json\/wp\/v2\/types\/page"}],"author":[{"embeddable":true,"href":"https:\/\/www.basicsforlife.de\/Hofheim\/wp-json\/wp\/v2\/users\/2"}],"replies":[{"embeddable":true,"href":"https:\/\/www.basicsforlife.de\/Hofheim\/wp-json\/wp\/v2\/comments?post=55"}],"version-history":[{"count":29,"href":"https:\/\/www.basicsforlife.de\/Hofheim\/wp-json\/wp\/v2\/pages\/55\/revisions"}],"predecessor-version":[{"id":2899,"href":"https:\/\/www.basicsforlife.de\/Hofheim\/wp-json\/wp\/v2\/pages\/55\/revisions\/2899"}],"wp:attachment":[{"href":"https:\/\/www.basicsforlife.de\/Hofheim\/wp-json\/wp\/v2\/media?parent=55"}],"curies":[{"name":"wp","href":"https:\/\/api.w.org\/{rel}","templated":true}]}}