{"id":279,"date":"2016-10-05T17:38:25","date_gmt":"2016-10-05T15:38:25","guid":{"rendered":"http:\/\/basicsforlife.de\/?page_id=279"},"modified":"2024-04-05T10:01:59","modified_gmt":"2024-04-05T08:01:59","slug":"coachingausbildung_kompass","status":"publish","type":"page","link":"https:\/\/www.basicsforlife.de\/Hofheim\/coachingausbildung_kompass\/","title":{"rendered":"Kompass &#8211; Kursmodul"},"content":{"rendered":"<h2><span style=\"color: #361b02;\">&#8222;Basics for Life&#8220;-Kompass &#8211; Wo geht es hin?<\/span><\/h2>\n<p><span style=\"color: #361b02;\">Der &#8222;Basics for Life&#8220;-Kompass ist der Kurs, in dem Du weitere energetische Methoden lernen kannst:<\/span><\/p>\n<ul>\n<li><span style=\"color: #361b02;\">Deinen eigenen Kompass und den anderer sichtbar zu machen<\/span><\/li>\n<li><span style=\"color: #361b02;\">Familienverstrickungen energetisch zu l\u00f6sen<\/span><\/li>\n<\/ul>\n<p><span style=\"color: #361b02;\">Die Aufstellungen, verkn\u00fcpft mit der &#8222;Basics for Life&#8220;-Technik ist eine unglaublich kraftvolle Methode, um Verstrickungen aufzusp\u00fcren, sichtbar zu machen und energetisch zu ver\u00e4ndern. Die L\u00f6sungen werden intuitiv und wirkungsvoll erarbeitet.\u00a0<\/span><\/p>\n<p><span style=\"color: #361b02;\">Diese Methode wurde insbesondere entwickelt, um Beziehungsmuster und zwischenmenschliche Verstrickungen aber nat\u00fcrlich auch, um k\u00f6rperliche Symptomatiken zu l\u00f6sen. Jeder hat die M\u00f6glichkeit, in dem Kurs genau die Thematiken zu l\u00f6sen, die momentan anstehen und am wichtigsten erscheinen. Sollte f\u00fcr die betreffende Person etwas anderes gel\u00f6st werden m\u00fcssen, zeigt sich dies in der Dynamik der Aufstellung und der L\u00f6sung. Das Energiefeld ist st\u00e4rker als der Kopf.<\/span><\/p>\n<p><span style=\"color: #361b02;\">Von daher liebe ich diese Technik, sie nimmt alle mit ins Boot und alle Personen die aufgestellt werden, sehen in der darauffolgenden energetischen Behandlung, den eigenen Anteil, d.h. warum sie genau f\u00fcr diese Person standen und was es mit ihnen selbst zu tun hat. Somit erfolgt eine L\u00f6sung f\u00fcr \u00a0ALLE (f\u00fcr das System des Aufstellenden, f\u00fcr den Aufstellenden und f\u00fcr alle, die stellvertretend f\u00fcr andere gestanden haben). Wie weit es dar\u00fcber hinaus wirkt, kann ich momentan nicht fassen, aber ich bin mir sehr sicher, dass es sogar dar\u00fcber hinaus wirkt.<\/span><\/p>\n<div class=\"\">\n<h2 style=\"color: #000000;\"><span style=\"color: #361b02;\"><a class=\"maxbutton-5 maxbutton maxbutton-anmeldung-zu-unseren-energiekursen\" target=\"_blank\" rel=\"noopener\" href=\"https:\/\/www.basicsforlife.de\/Hofheim\/anmeldung-basics-for-life\/\"><span class='mb-text'>Hier geht es zur Anmeldung!<\/span><\/a>\u00a0<\/span><\/h2>\n<\/div>\n<p><span style=\"color: #361b02;\"><strong>Warum wirkt diese Methode so gut?\u00a0<\/strong><\/span><\/p>\n<p><span style=\"color: #361b02;\">Durch die Aufstellung wird ein eigenes Feld erzeugt, an dem alle energetisch beteiligt sind. Das hei\u00dft: Jeder ist Teil des Feldes.<\/span><\/p>\n<p><span style=\"color: #361b02;\">Das Feld der Familien wirkt \u00fcber den K\u00f6rper hinaus. Von daher ist es so wichtig, an sich und den erscheinenden Thematiken zu arbeiten, damit unsere Kinder und Kindeskinder freier und dadurch auch gl\u00fccklicher und gesunder werden k\u00f6nnen.\u00a0<\/span><\/p>\n<p><span style=\"color: #361b02;\">Nach Reinigung\u00a0Deines energetischen Feldes lernst Du eine energetische Methode, um in Deinen Kompass zu schauen:<\/span><\/p>\n<ul>\n<li><span style=\"color: #361b02;\">Wohin geht es in meinem Leben?<\/span><\/li>\n<li><span style=\"color: #361b02;\">Was ist meine Berufung?<\/span><\/li>\n<li><span style=\"color: #361b02;\">Wie kann ich meine Berufung in mein Leben holen?<\/span><\/li>\n<li>Wie finde ich einen Weg die Vergangenheit loszulassen, um vorw\u00e4rts zu gehen?<\/li>\n<li><span style=\"color: #361b02;\">etc.<\/span><\/li>\n<\/ul>\n<p><span style=\"color: #361b02;\">Wenn D<\/span>u Dei<span style=\"color: #361b02;\">ne eigentliche Berufung gefunden hast, sind viele Dinge mit einem Mal nicht mehr so wichtig.\u00a0<\/span><\/p>\n<p><span style=\"color: #361b02;\">Der Prozess l\u00e4uft nach dem Kurs weitere 12 &#8211; 15 Wochen weiter, so dass Du auch Themen, die im Alltag auftreten, Dir im Detail anschauen und transformieren kannst.\u00a0<\/span><\/p>\n<p><span style=\"color: #361b02;\">Hier ein Beispiel aus einem Kompass:<\/span><\/p>\n<p><span style=\"color: #361b02;\">Eine Frau fragte mich vor einigen Jahren nach ihrer beruflichen Bestimmung. Sie war zum damaligen Zeitpunkt Physiotherapeutin in der N\u00e4he von Frankfurt. Als ich ihr Feld gereinigt hatte und ich in ihren Kompass schauen konnte, sah ich eine Klinik in der Natur in den Bergen. Danach hatte ich einige Zeit keinen Kontakt zu ihr. F\u00fcnf Jahre sp\u00e4ter traf ich sie wieder und sie berichtete mir, dass sie das Ergebnis ihrer Kompass-Sitzung gefunden habe\u00a0und dass es unglaublich sei:\u00a0Sie arbeite seit knapp eineinhalb\u00a0Jahren in einer gro\u00dfen Klinik in der Schweiz und sei dort sehr gl\u00fccklich. Mit dem Wechsel in die Klinik haben sich einige ihrer Themen aufgel\u00f6st.\u00a0<\/span><span style=\"color: #361b02;\">\u00a0<\/span><\/p>\n<p>Der n\u00e4chste `Basics for Life\u00b4 Kompass findet vom 16.05. &#8211; 20.05.2024 im Seminarhaus Sampurna in Wiesbaden statt und es werden wundervolle Tage werden.<\/p>\n<p>Melde Dich gerne, wenn Du Fragen hast.<\/p>\n<h2 style=\"color: #000000; text-align: center;\"><span style=\"color: #361b02;\"><a class=\"maxbutton-5 maxbutton maxbutton-anmeldung-zu-unseren-energiekursen\" target=\"_blank\" rel=\"noopener\" href=\"https:\/\/www.basicsforlife.de\/Hofheim\/anmeldung-basics-for-life\/\"><span class='mb-text'>Hier geht es zur Anmeldung!<\/span><\/a>\u00a0<\/span><\/h2>\n<p><span style=\"color: #361b02;\"><strong>Wir freuen uns, Dich auf Deinem Weg zu begleiten!<\/strong><\/span><\/p>\n<p><span style=\"color: #361b02;\"><strong>Dein &#8222;Basics for Life&#8220;-<\/strong><strong>Team<\/strong><\/span><\/p>\n","protected":false},"excerpt":{"rendered":"<p>&#8222;Basics for Life&#8220;-Kompass &#8211; Wo geht es hin? Der &#8222;Basics for Life&#8220;-Kompass ist der Kurs, in dem Du weitere energetische Methoden lernen kannst: Deinen eigenen Kompass und den anderer sichtbar zu machen Familienverstrickungen energetisch zu l\u00f6sen Die Aufstellungen, verkn\u00fcpft mit &hellip; <a href=\"https:\/\/www.basicsforlife.de\/Hofheim\/coachingausbildung_kompass\/\">Weiterlesen <span class=\"meta-nav\">&rarr;<\/span><\/a><\/p>\n","protected":false},"author":2,"featured_media":0,"parent":0,"menu_order":0,"comment_status":"closed","ping_status":"closed","template":"","meta":{"footnotes":""},"class_list":["post-279","page","type-page","status-publish","hentry"],"_links":{"self":[{"href":"https:\/\/www.basicsforlife.de\/Hofheim\/wp-json\/wp\/v2\/pages\/279","targetHints":{"allow":["GET"]}}],"collection":[{"href":"https:\/\/www.basicsforlife.de\/Hofheim\/wp-json\/wp\/v2\/pages"}],"about":[{"href":"https:\/\/www.basicsforlife.de\/Hofheim\/wp-json\/wp\/v2\/types\/page"}],"author":[{"embeddable":true,"href":"https:\/\/www.basicsforlife.de\/Hofheim\/wp-json\/wp\/v2\/users\/2"}],"replies":[{"embeddable":true,"href":"https:\/\/www.basicsforlife.de\/Hofheim\/wp-json\/wp\/v2\/comments?post=279"}],"version-history":[{"count":27,"href":"https:\/\/www.basicsforlife.de\/Hofheim\/wp-json\/wp\/v2\/pages\/279\/revisions"}],"predecessor-version":[{"id":2764,"href":"https:\/\/www.basicsforlife.de\/Hofheim\/wp-json\/wp\/v2\/pages\/279\/revisions\/2764"}],"wp:attachment":[{"href":"https:\/\/www.basicsforlife.de\/Hofheim\/wp-json\/wp\/v2\/media?parent=279"}],"curies":[{"name":"wp","href":"https:\/\/api.w.org\/{rel}","templated":true}]}}