{"id":175,"date":"2016-08-12T13:46:28","date_gmt":"2016-08-12T11:46:28","guid":{"rendered":"http:\/\/basicsforlife.de\/?page_id=175"},"modified":"2021-01-12T13:19:41","modified_gmt":"2021-01-12T11:19:41","slug":"_meditation_trance-coaching","status":"publish","type":"page","link":"https:\/\/www.basicsforlife.de\/Hofheim\/_meditation_trance-coaching\/","title":{"rendered":"Trance Coaching nach Isabelle von Fallois"},"content":{"rendered":"<p><span style=\"color: #361b02;\">Wie mittlerweile vielen bekannt ist, kann man die Zellen quasi innerhalb von\u00a021 Tagen neu programmieren. Wir m\u00f6chten vom Bewusstsein her gesund sein oder klare Entscheidungen treffen und k\u00f6nnen dies aus irgendeinem Grund nicht. In diesen F\u00e4llen spielt uns meist unser Unterbewusstsein (siehe hier eine informative\u00a0Doku \u00fcber das <a style=\"color: #361b02;\" href=\"http:\/\/www.spiegel.tv\/filme\/bbc-macht-unterbewusstsein\/\" rel=\"nofollow noopener\" target=\"_blank\">Unterbewusstsein<\/a>) einen Streich. Der unbewusste Anteil ist wesentlich gr\u00f6\u00dfer als der bewusste: Das Verh\u00e4ltnis ist 90 : 10! <\/span><\/p>\n<p><span style=\"color: #361b02;\">Wenn sich also nur das Bewusstsein\u00a0f\u00fcr die Gesundheit entscheidet, kann der unbewusste Anteil dieses Vorhaben trotzdem schw\u00e4chen. Aus genau diesem Grund bieten wir\u00a0ein Trancecoaching an, in welchem\u00a0wir mit dem\u00a0Unterbewusstsein arbeiten, um es zum Beispiel auf &#8222;Gesundheit&#8220; zu programmieren. <\/span><\/p>\n<p><span style=\"color: #361b02;\">Dieses Trance Coaching kann Dich noch weiter begleiten: Du kannst es mit Deinem\u00a0Smartphone im Flugmodus aufnehmen und danach &#8222;Dein&#8220;\u00a0Trance-Coaching mindestens 21 Tage t\u00e4glich einmal 1x h\u00f6ren. Am besten\u00a0kannst Du\u00a0es als Meditation verwenden oder es ganz leise zum Schlafengehen im Hintergrund laufen lassen. Dar\u00fcber hinaus kannst Du es nat\u00fcrlich jederzeit wieder abspielen.<\/span><\/p>\n<p><span style=\"color: #361b02;\">(nach Isabelle von Fallois)<\/span><\/p>\n<h2><span style=\"color: #361b02;\">\u00a0<\/span><\/h2>\n<p><span style=\"color: #361b02;\">Die Trance Coachings werden zu verschiedenen Themen angeboten:<\/span><\/p>\n<h2><span style=\"color: #361b02;\">Trance Coaching &#8222;Erfolg&#8220;<\/span><\/h2>\n<h2><span style=\"color: #361b02;\">Trance Coaching &#8222;Gesundheit&#8220;<\/span><\/h2>\n<h2><span style=\"color: #361b02;\"><strong>Trance Coaching &#8222;Gewicht&#8220;<\/strong><\/span><\/h2>\n<h2><span style=\"color: #361b02;\"><strong>Trance Coaching &#8222;Selbstwert&#8220;<\/strong><\/span><\/h2>\n<h2><span style=\"color: #361b02;\"><strong>Trance Coaching &#8222;Liebe\/Beziehung&#8220;<\/strong><\/span><\/h2>\n<p><span style=\"color: #361b02;\"><strong>Trance Coaching &#8222;Geburt&#8220;<\/strong><\/span><\/p>\n<p><span style=\"color: #361b02;\">Hier geht es zu den <a style=\"color: #361b02;\" href=\"http:\/\/basicsforlife.de\/meditation-transformation-achtsamkeit-termine\/\">Terminen und Preisen<\/a>.\u00a0<\/span><\/p>\n<p><span style=\"color: #361b02;\">Und hier geht es zur\u00a0<a style=\"color: #361b02;\" href=\"mailto:kontakt@basicsforlife.de\" target=\"_blank\" rel=\"noopener\">Anmeldung<\/a>.<\/span><\/p>\n<p><span style=\"color: #361b02;\"><strong>Wir freuen uns auf Dich!<\/strong><\/span><\/p>\n<p><span style=\"color: #361b02;\"><strong>Dein &#8222;Basics for Life&#8220;-Team<\/strong><\/span><\/p>\n","protected":false},"excerpt":{"rendered":"<p>Wie mittlerweile vielen bekannt ist, kann man die Zellen quasi innerhalb von\u00a021 Tagen neu programmieren. Wir m\u00f6chten vom Bewusstsein her gesund sein oder klare Entscheidungen treffen und k\u00f6nnen dies aus irgendeinem Grund nicht. In diesen F\u00e4llen spielt uns meist unser &hellip; <a href=\"https:\/\/www.basicsforlife.de\/Hofheim\/_meditation_trance-coaching\/\">Weiterlesen <span class=\"meta-nav\">&rarr;<\/span><\/a><\/p>\n","protected":false},"author":2,"featured_media":0,"parent":0,"menu_order":0,"comment_status":"closed","ping_status":"closed","template":"","meta":{"footnotes":""},"class_list":["post-175","page","type-page","status-publish","hentry"],"_links":{"self":[{"href":"https:\/\/www.basicsforlife.de\/Hofheim\/wp-json\/wp\/v2\/pages\/175","targetHints":{"allow":["GET"]}}],"collection":[{"href":"https:\/\/www.basicsforlife.de\/Hofheim\/wp-json\/wp\/v2\/pages"}],"about":[{"href":"https:\/\/www.basicsforlife.de\/Hofheim\/wp-json\/wp\/v2\/types\/page"}],"author":[{"embeddable":true,"href":"https:\/\/www.basicsforlife.de\/Hofheim\/wp-json\/wp\/v2\/users\/2"}],"replies":[{"embeddable":true,"href":"https:\/\/www.basicsforlife.de\/Hofheim\/wp-json\/wp\/v2\/comments?post=175"}],"version-history":[{"count":20,"href":"https:\/\/www.basicsforlife.de\/Hofheim\/wp-json\/wp\/v2\/pages\/175\/revisions"}],"predecessor-version":[{"id":2059,"href":"https:\/\/www.basicsforlife.de\/Hofheim\/wp-json\/wp\/v2\/pages\/175\/revisions\/2059"}],"wp:attachment":[{"href":"https:\/\/www.basicsforlife.de\/Hofheim\/wp-json\/wp\/v2\/media?parent=175"}],"curies":[{"name":"wp","href":"https:\/\/api.w.org\/{rel}","templated":true}]}}