{"id":1646,"date":"2020-02-13T13:10:03","date_gmt":"2020-02-13T11:10:03","guid":{"rendered":"https:\/\/www.basicsforlife.de\/Hofheim\/?page_id=1646"},"modified":"2022-04-02T16:13:04","modified_gmt":"2022-04-02T14:13:04","slug":"heilung-der-ahnen","status":"publish","type":"page","link":"https:\/\/www.basicsforlife.de\/Hofheim\/heilung-der-ahnen\/","title":{"rendered":"Heilung der Ahnenenergien"},"content":{"rendered":"\n<p><\/p>\n\n\n\n<p>Hast Du es schon einmal selbst erlebt, in eine Rolle gesteckt worden zu sein? Oder jemand, den Du gut kennst? Konntest Du wahrnehmen, wie schwer es f\u00fcr diese Person war oder ist, aus dieser Rolle wieder herauszukommen? Genauso ist es mit der Identifikation eines Familienmitgliedes. Manchmal ist eine Person, die im Familiensystem ausgeschlossen ist, ganz stark mit einem Ahnen identifiziert, welcher fr\u00fcher nicht in die Familie integriert war. Solange dies nicht gel\u00f6st wird, bleibt diese Person ausgeschlossen. Diese Energien und Wirkungen reichen leider sehr weit zur\u00fcck. Oder da ist die Ururoma, die 5 Kinder an eine Krankheit verloren hat. Alle weiteren Nachk\u00f6mmlinge haben Angst um ihre Kinder, ohne zu wissen, warum diese Angst so stark ist. Es ist offensichtlich, dass diese Angst nicht begr\u00fcndet ist, aber genau diese Angst kann das Verh\u00e4ltnis zu den Kindern belasten.<\/p>\n\n\n\n<p><br>Im letzten Jahr haben sich bei mir mehr als 1x Muster meiner Vorfahren in meinem Leben gezeigt. So kam es, dass ich im Sommer 2019 zu meiner Tochter einen Satz gesagt habe, den ich hinterher selbst \u00fcberhaupt nicht verstanden habe. Und sie fragte mich immer wieder:&nbsp;&#8222;Mama, hast Du das ernst gemeint? Denkst Du das wirklich?&#8220;&nbsp;Mir kamen selbst die Tr\u00e4nen und ich musste mir eingestehen, dass ich nicht wusste, woher dieser Satz kam. Vielleicht kennst Du das auch?<br>Du sagst etwas und fragst Dich&nbsp;im Nachhinein:&nbsp;\u201eHabe ich das wirklich eben gesagt? Das bin ich doch eigentlich gar nicht.\u201c&nbsp;<br>Noch in der gleichen Nacht&nbsp;habe ich von meiner Oma v\u00e4terlicherseits getr\u00e4umt. Daraufhin musste ich immer wieder an diese Oma denken und mir wurde in einer Meditation bewusst:&nbsp;Es war ihr Satz, ihr Leben und die Geschichte zwischen ihr und ihrer Tochter.&nbsp;In einer speziellen Sitzungsform konnte ich s\u00e4mtliche Resonanzen diesbez\u00fcglich wieder aufl\u00f6sen.&nbsp;<br>Mir war wichtig, dies aufzul\u00f6sen, weil ich genau wei\u00df, dass solche Energien mein Leben und das meiner Kinder beeinflussen.<br>Ich bin sehr froh, dass ich hinterher mit Luna besprechen konnte, woher dieser Satz kam, aber mir w\u00e4re lieber gewesen, es w\u00e4re einfach so in mein Bewusstsein gekommen und h\u00e4tte nicht an bei ihr erstmal Schmerz ausgel\u00f6st.&nbsp;<br>Seitdem hat Luna mich nicht einmal mehr gefragt, ob ich das wirklich denke. Wir sind uns dadurch nochmal n\u00e4her gekommen und Luna wurde aus einer Rolle entlassen, die gar nicht ihre ist.<\/p>\n\n\n\n<p>Genau f\u00fcr diese Wiederholungen der Lebensmuster der Ahnen habe ich diesen speziellen Kurs kreiert. Immer wieder sehe ich bei Klienten, dass sie Muster aus der Familie wiederholen. Manchmal f\u00fchlt es sich sogar so an, als mussten sie es nur so durchf\u00fchren, weil der Vater oder die Mutter sich diesen Schritt damals nicht getraut haben. Aber die Tochter, die es nun f\u00fcr ihre Eltern durchgesetzt hat, ist ebenfalls ungl\u00fccklich mit der Situation. <\/p>\n\n\n\n<p>Wir werden im Kurs richtig tief gehen und die Lebensgeschichten von mindestens 2 vorherigen Generationen ergr\u00fcnden, um alles was wir \u00fcbernommen haben, wieder an den Ursprung zur\u00fcckzugeben. <\/p>\n\n\n\n<p>Ich bin mir sehr sicher, dass schwere Erkrankungen wie Autoimmunerkrankungen oder Krebs nicht nur ein Problem der betroffenen Personen darstellen, sondern eine Thematik des gesamten Familiensystems widerspiegelt.<\/p>\n\n\n\n<p>Wenn Du siehst, was sich durch diese L\u00f6sungen in Deinem System \u00e4ndert, wirst Du Dich in Deinen pers\u00f6nlichen Wachstumsprozess verlieben. Zumindest war es bei mir und schon einigen anderen so. Der Grund warum `The Secret\u00b4 allein nicht funktioniert hat, ist der, dass die Schatten im Keller der vorherigen Generationen trotzdem weiterhin gewirkt haben. Es ist erwiesen, dass unsere Herzensenergie DNA ver\u00e4ndern kann. Und genau aus diesem Grund ist es wichtig, unsere Herzen f\u00fcreinander zu \u00f6ffnen und die Herzensenergie in der reinsten m\u00f6glichen Form flie\u00dfen zu lassen. Je mehr Du aufger\u00e4umt hast, desto leichter ist es, Dein Herz zu sp\u00fcren. Du verlierst mit der Zeit die Angst vor dem was sich zeigen kann oder wird, denn Du wei\u00dft, dass Dich Deine Gef\u00fchle immer zum richtigen Ursprung f\u00fchren und Du ihnen vertrauen kannst. Irgendwann wird Dir auch klar, dass Du keine Angst vor Verletzungen haben brauchst, sondern ihnen f\u00fcr den n\u00e4chsten Schritt Deines Wachstumsprozesses folgst. <\/p>\n\n\n\n<p>Im Kurs \u00fcber Pfingsten wird die Gruppe ebenfalls von Robert aus Rostock unterst\u00fctzt. Ich freue mich schon sehr auf die Zusammenarbeit mit ihm, weil er, obwohl er aus einem ganz anderen Bereich kommt, aus meiner Sicht wundervolle Feedbacks gibt und genau wie ich, Menschen auf ihrem Weg voranbringen m\u00f6chte.<\/p>\n\n\n\n<p>Wir freuen schon sehr auf Dich und werden Dich sicher auf Deinem Weg begleiten. <\/p>\n\n\n\n<p>Dein `Basics for Life\u00b4 Team<\/p>\n\n\n\n<p>Termin: derzeit offen<\/p>\n\n\n\n<p>Preis: 1.220\u20ac.  <\/p>\n\n\n\n<p>Wenn Du Fragen hast, melde Dich gerne bei <a href=\"https:\/\/www.basicsforlife.de\/Hofheim\/kontakt\/\" target=\"_blank\" rel=\"noreferrer noopener\" aria-label=\"uns. (\u00f6ffnet in neuem Tab)\"><em>uns.<\/em><\/a> <\/p>\n\n\n\n<p>Zur Anmeldung geht es hier: <em><a href=\"https:\/\/www.basicsforlife.de\/Hofheim\/anmeldung-basics-for-life\/\">Anmeldung<\/a><\/em><\/p>\n\n\n\n<p><\/p>\n","protected":false},"excerpt":{"rendered":"<p>Hast Du es schon einmal selbst erlebt, in eine Rolle gesteckt worden zu sein? Oder jemand, den Du gut kennst? Konntest Du wahrnehmen, wie schwer es f\u00fcr diese Person war oder ist, aus dieser Rolle wieder herauszukommen? Genauso ist es &hellip; <a href=\"https:\/\/www.basicsforlife.de\/Hofheim\/heilung-der-ahnen\/\">Weiterlesen <span class=\"meta-nav\">&rarr;<\/span><\/a><\/p>\n","protected":false},"author":2,"featured_media":0,"parent":0,"menu_order":0,"comment_status":"closed","ping_status":"closed","template":"","meta":{"footnotes":""},"class_list":["post-1646","page","type-page","status-publish","hentry"],"_links":{"self":[{"href":"https:\/\/www.basicsforlife.de\/Hofheim\/wp-json\/wp\/v2\/pages\/1646","targetHints":{"allow":["GET"]}}],"collection":[{"href":"https:\/\/www.basicsforlife.de\/Hofheim\/wp-json\/wp\/v2\/pages"}],"about":[{"href":"https:\/\/www.basicsforlife.de\/Hofheim\/wp-json\/wp\/v2\/types\/page"}],"author":[{"embeddable":true,"href":"https:\/\/www.basicsforlife.de\/Hofheim\/wp-json\/wp\/v2\/users\/2"}],"replies":[{"embeddable":true,"href":"https:\/\/www.basicsforlife.de\/Hofheim\/wp-json\/wp\/v2\/comments?post=1646"}],"version-history":[{"count":10,"href":"https:\/\/www.basicsforlife.de\/Hofheim\/wp-json\/wp\/v2\/pages\/1646\/revisions"}],"predecessor-version":[{"id":2323,"href":"https:\/\/www.basicsforlife.de\/Hofheim\/wp-json\/wp\/v2\/pages\/1646\/revisions\/2323"}],"wp:attachment":[{"href":"https:\/\/www.basicsforlife.de\/Hofheim\/wp-json\/wp\/v2\/media?parent=1646"}],"curies":[{"name":"wp","href":"https:\/\/api.w.org\/{rel}","templated":true}]}}