{"id":1489,"date":"2019-11-03T11:54:03","date_gmt":"2019-11-03T09:54:03","guid":{"rendered":"https:\/\/www.basicsforlife.de\/?page_id=1489"},"modified":"2025-12-09T23:32:32","modified_gmt":"2025-12-09T21:32:32","slug":"loslass-meditation-visionsfindung","status":"publish","type":"page","link":"https:\/\/www.basicsforlife.de\/Hofheim\/loslass-meditation-visionsfindung\/","title":{"rendered":"Loslass-Visions-Meditation"},"content":{"rendered":"<p><span style=\"color: #361b02;\">Wie in den letzten Jahren, bieten wir Dir zum Jahresende eine wundervolle M\u00f6glichkeit, das alte Jahr loszulassen und das neue Jahr 2026 mit all seinen Wundern einzuladen.<\/span><\/p>\n<p><span style=\"color: #361b02;\">F\u00fcr das Jahr 2026 werden wir ein Visionsboard erstellen und mittels einer Meditation all diese W\u00fcnsche und Visionen n\u00e4her in Dein Leben bringen. Ich bin schon gespannt, was sich alles aus dem letzten Jahr erf\u00fcllt hat.<\/span><\/p>\n<p><span style=\"color: #361b02;\">Bitte besorge Dir Zeitschriften, Bilder von Familienmitgliedern und Freunden sowie Schere und Kleber f\u00fcr Dein Visionsboard 2026 und bereite Dich ein wenig vor, was Du gerne alles in dem Jahr 2025 lassen m\u00f6chtest.<\/span><\/p>\n<p><span style=\"color: #361b02;\"><span style=\"caret-color: #361b02;\">Am 28.12.2025 starten wir um 16 Uhr in Hofheim. <\/span><\/span><\/p>\n<p><span style=\"color: #361b02;\"><span style=\"caret-color: #361b02;\">Bei Interesse schreibe gerne eine Mail oder melde Dich direkt an.<\/span><\/span><\/p>\n<p><span style=\"color: #361b02;\">Hier geht es direkt zur <strong><a style=\"color: #361b02;\" href=\"https:\/\/www.basicsforlife.de\/meditationsanmeldung\/\">Anmeldung<\/a>.<\/strong><\/span><\/p>\n<p><a style=\"color: #361b02;\" href=\"https:\/\/www.basicsforlife.de\/meditationsanmeldung\/\"><img loading=\"lazy\" decoding=\"async\" class=\"size-medium wp-image-1490 aligncenter\" style=\"border-color: #bbbbbb; background-color: #eeeeee;\" src=\"https:\/\/www.basicsforlife.de\/wp-content\/uploads\/2019\/11\/LoslassMeditation2019-300x225.jpg\" alt=\"\" width=\"300\" height=\"225\" srcset=\"https:\/\/www.basicsforlife.de\/wp-content\/uploads\/2019\/11\/LoslassMeditation2019-300x225.jpg 300w, https:\/\/www.basicsforlife.de\/wp-content\/uploads\/2019\/11\/LoslassMeditation2019-768x576.jpg 768w, https:\/\/www.basicsforlife.de\/wp-content\/uploads\/2019\/11\/LoslassMeditation2019-1024x768.jpg 1024w, https:\/\/www.basicsforlife.de\/wp-content\/uploads\/2019\/11\/LoslassMeditation2019-400x300.jpg 400w, https:\/\/www.basicsforlife.de\/wp-content\/uploads\/2019\/11\/LoslassMeditation2019.jpg 2048w\" sizes=\"auto, (max-width: 300px) 100vw, 300px\" \/><\/a><\/p>\n<p><span style=\"color: #361b02;\">Wir freuen uns auf einen visionsreichen Abend mit Euch!<\/span><\/p>\n<p><span style=\"color: #361b02;\">Dein &#8222;Basics for Life&#8220; &#8211; Team<\/span><\/p>\n\n\n<p><\/p>\n","protected":false},"excerpt":{"rendered":"<p>Wie in den letzten Jahren, bieten wir Dir zum Jahresende eine wundervolle M\u00f6glichkeit, das alte Jahr loszulassen und das neue Jahr 2026 mit all seinen Wundern einzuladen. F\u00fcr das Jahr 2026 werden wir ein Visionsboard erstellen und mittels einer Meditation &hellip; <a href=\"https:\/\/www.basicsforlife.de\/Hofheim\/loslass-meditation-visionsfindung\/\">Weiterlesen <span class=\"meta-nav\">&rarr;<\/span><\/a><\/p>\n","protected":false},"author":2,"featured_media":0,"parent":0,"menu_order":0,"comment_status":"closed","ping_status":"closed","template":"","meta":{"footnotes":""},"class_list":["post-1489","page","type-page","status-publish","hentry"],"_links":{"self":[{"href":"https:\/\/www.basicsforlife.de\/Hofheim\/wp-json\/wp\/v2\/pages\/1489","targetHints":{"allow":["GET"]}}],"collection":[{"href":"https:\/\/www.basicsforlife.de\/Hofheim\/wp-json\/wp\/v2\/pages"}],"about":[{"href":"https:\/\/www.basicsforlife.de\/Hofheim\/wp-json\/wp\/v2\/types\/page"}],"author":[{"embeddable":true,"href":"https:\/\/www.basicsforlife.de\/Hofheim\/wp-json\/wp\/v2\/users\/2"}],"replies":[{"embeddable":true,"href":"https:\/\/www.basicsforlife.de\/Hofheim\/wp-json\/wp\/v2\/comments?post=1489"}],"version-history":[{"count":14,"href":"https:\/\/www.basicsforlife.de\/Hofheim\/wp-json\/wp\/v2\/pages\/1489\/revisions"}],"predecessor-version":[{"id":2934,"href":"https:\/\/www.basicsforlife.de\/Hofheim\/wp-json\/wp\/v2\/pages\/1489\/revisions\/2934"}],"wp:attachment":[{"href":"https:\/\/www.basicsforlife.de\/Hofheim\/wp-json\/wp\/v2\/media?parent=1489"}],"curies":[{"name":"wp","href":"https:\/\/api.w.org\/{rel}","templated":true}]}}