{"id":1417,"date":"2019-10-11T10:51:26","date_gmt":"2019-10-11T08:51:26","guid":{"rendered":"https:\/\/www.basicsforlife.de\/?page_id=1417"},"modified":"2024-09-09T20:55:29","modified_gmt":"2024-09-09T18:55:29","slug":"visionsreise","status":"publish","type":"page","link":"https:\/\/www.basicsforlife.de\/Hofheim\/visionsreise\/","title":{"rendered":"Visionsreise"},"content":{"rendered":"<h2><span style=\"color: #361b02;\">&#8222;Basics for Life&#8220; &#8211;\u00a0Visionsreise<\/span><\/h2>\n<p><span style=\"color: #361b02;\">Bei dieser Reise betrachtest Du\u00a0Deine\u00a0Visionen und W\u00fcnsche aus verschiedensten Perspektiven.<\/span><\/p>\n<p><span style=\"color: #361b02;\">Du nimmst\u00a0an einer durch mich gef\u00fchrten Meditation teil und kannst durch die neu erlangten Kenntnisse Blockaden und schon langj\u00e4hrig bestehende Widerst\u00e4nde l\u00f6sen.\u00a0Somit ziehst Du Deine W\u00fcnsche und Visionen n\u00e4her in Dein Leben.<\/span><\/p>\n<p><span style=\"color: #361b02;\">Es ist erwiesen (und Du hast es bestimmt\u00a0schon einmal selbst erlebt), dass die Herzenskraft um ein Vielfaches st\u00e4rker ist, als die\u00a0Gedankenkraft. Aus diesem Grund ist es ganz wichtig, die eigenen W\u00fcnsche und Visionen von der Gedankenebene ins Herz zu bringen.<\/span><\/p>\n<p><span style=\"color: #361b02;\"> Die hier beschriebene Visionsreise ist eine kraftvolle und wunderbare M\u00f6glichkeit daf\u00fcr.<\/span><\/p>\n<h2><span style=\"color: #361b02;\">Was ben\u00f6tige ich f\u00fcr eine Visionsreise?<\/span><\/h2>\n<p><span style=\"color: #361b02;\">Bitte bringe eine Isomatte, eine Decke, einen Stein und eine Vision mit.<\/span><\/p>\n<p><span style=\"color: #361b02;\">Die Energie- und Visionsreisen kosten je 35\u20ac und finden in der Regel in der Praxis in Hofheim am Taunus statt.<\/span><\/p>\n<p><span style=\"color: #361b02;\">Hier geht es zu den<em>\u00a0<a href=\"https:\/\/www.basicsforlife.de\/Hofheim\/termine-energiearbeit\/\">Terminen und Preisen<\/a>.<\/em><\/span><\/p>\n<p style=\"text-align: center;\"><a class=\"maxbutton-4 maxbutton maxbutton-visionsreise\" target=\"_blank\" rel=\"noopener\" href=\"https:\/\/www.basicsforlife.de\/meditationsanmeldung\/\"><span class='mb-text'>Anmeldung zur Visionsreise<\/span><\/a><\/p>\n<h3><span style=\"color: #361b02;\">\u00a0<\/span><\/h3>\n<h3><span style=\"color: #361b02;\">FEEDBACK VISIONSREISE<\/span><\/h3>\n<p><span style=\"color: #361b02;\">\u201cIch bin so dankbar, die Visionsreise bei Dir hat ganz viel bewirkt, endlich wei\u00df ich, wo es beruflich hin geht.\u201d J. B.S.<\/span><\/p>\n<div class=\"art-postcontent clearfix\"><span style=\"color: #361b02;\">\u00a0<\/span><\/div>\n\n\n<p><\/p>\n","protected":false},"excerpt":{"rendered":"<p>&#8222;Basics for Life&#8220; &#8211;\u00a0Visionsreise Bei dieser Reise betrachtest Du\u00a0Deine\u00a0Visionen und W\u00fcnsche aus verschiedensten Perspektiven. Du nimmst\u00a0an einer durch mich gef\u00fchrten Meditation teil und kannst durch die neu erlangten Kenntnisse Blockaden und schon langj\u00e4hrig bestehende Widerst\u00e4nde l\u00f6sen.\u00a0Somit ziehst Du Deine W\u00fcnsche &hellip; <a href=\"https:\/\/www.basicsforlife.de\/Hofheim\/visionsreise\/\">Weiterlesen <span class=\"meta-nav\">&rarr;<\/span><\/a><\/p>\n","protected":false},"author":2,"featured_media":0,"parent":0,"menu_order":0,"comment_status":"closed","ping_status":"closed","template":"","meta":{"footnotes":""},"class_list":["post-1417","page","type-page","status-publish","hentry"],"_links":{"self":[{"href":"https:\/\/www.basicsforlife.de\/Hofheim\/wp-json\/wp\/v2\/pages\/1417","targetHints":{"allow":["GET"]}}],"collection":[{"href":"https:\/\/www.basicsforlife.de\/Hofheim\/wp-json\/wp\/v2\/pages"}],"about":[{"href":"https:\/\/www.basicsforlife.de\/Hofheim\/wp-json\/wp\/v2\/types\/page"}],"author":[{"embeddable":true,"href":"https:\/\/www.basicsforlife.de\/Hofheim\/wp-json\/wp\/v2\/users\/2"}],"replies":[{"embeddable":true,"href":"https:\/\/www.basicsforlife.de\/Hofheim\/wp-json\/wp\/v2\/comments?post=1417"}],"version-history":[{"count":12,"href":"https:\/\/www.basicsforlife.de\/Hofheim\/wp-json\/wp\/v2\/pages\/1417\/revisions"}],"predecessor-version":[{"id":2780,"href":"https:\/\/www.basicsforlife.de\/Hofheim\/wp-json\/wp\/v2\/pages\/1417\/revisions\/2780"}],"wp:attachment":[{"href":"https:\/\/www.basicsforlife.de\/Hofheim\/wp-json\/wp\/v2\/media?parent=1417"}],"curies":[{"name":"wp","href":"https:\/\/api.w.org\/{rel}","templated":true}]}}