{"id":1038,"date":"2018-05-15T21:42:26","date_gmt":"2018-05-15T19:42:26","guid":{"rendered":"http:\/\/basicsforlife.de\/?page_id=1038"},"modified":"2018-08-20T09:54:33","modified_gmt":"2018-08-20T07:54:33","slug":"datenschutzerklaerung","status":"publish","type":"page","link":"https:\/\/www.basicsforlife.de\/Hofheim\/datenschutzerklaerung\/","title":{"rendered":"Datenschutzerkl\u00e4rung"},"content":{"rendered":"<div class=\"\">\n<div class=\"\"><span style=\"color: #361b02;\">\u00a0<\/span><\/div>\n<\/div>\n<div><span style=\"color: #361b02;\">\u00a0<\/span><\/div>\n<div><span style=\"color: #361b02;\"><strong>Datenschutz<\/strong><\/span><\/div>\n<div>\n<p><span class=\"\" style=\"color: #361b02;\">Der `Basics for Life\u00b4 -Schule und deren Betreiber ist der Schutz Ihrer Daten sehr wichtig und wie schon in der Vergangenheit werden wir auch in Zukunft behutsam und verantwortungsvoll mit Ihren gespeicherten, personenbezogenen Daten (wie z.B. Name, Adresse, Geburtsdatum und Telefonnummer) umgehen. Die Daten werden unter keinen Umst\u00e4nden an Dritte ohne Ihr Einverst\u00e4ndnis weitergegeben oder verkauft.<\/span><\/p>\n<p><span style=\"color: #361b02;\">Wir weisen darauf hin, dass die Daten\u00fcbertragung im Internet (z.B. bei der Kommunikation per E-Mail) Sicherheitsl\u00fccken aufweisen kann. Ein l\u00fcckenloser Schutz der Daten vor dem Zugriff durch Dritte ist leider nicht m\u00f6glich.<\/span><\/p>\n<\/div>\n<div><span style=\"color: #361b02;\">\u00a0<\/span><\/div>\n<div><span style=\"color: #361b02;\"><strong>Hinweis zur verantwortlichen Stelle<\/strong><\/span><\/div>\n<div><span style=\"color: #361b02;\">Die verantwortliche Stelle f\u00fcr die Datenverarbeitung auf dieser Website ist:<\/span><\/div>\n<div><span style=\"color: #361b02;\">\u00a0<\/span><\/div>\n<div><span style=\"color: #361b02;\">Alexandra H\u00f6f<\/span><\/div>\n<div><span style=\"color: #361b02;\">Teutonenstra\u00dfe 14a<\/span><\/div>\n<div><span style=\"color: #361b02;\">65719 Hofheim am Taunus<\/span><\/div>\n<div><span style=\"color: #361b02;\">\u00a0<\/span><\/div>\n<div><span style=\"color: #361b02;\">Telefon 06192 9224247<\/span><\/div>\n<div><span style=\"color: #361b02;\">Mail: <a style=\"color: #361b02;\" href=\"mailto:kontakt@basicsforlife.de\">kontakt add basicsforlife.de<\/a><\/span><\/div>\n<div>\n<p><span style=\"color: #361b02;\">Verantwortliche Stelle ist die nat\u00fcrliche oder juristische Person, die allein oder gemeinsam mit anderen \u00fcber die Zwecke und Mittel der Verarbeitung von personenbezogenen Daten (z.B. Namen, E-Mail-Adressen o. \u00c4.) entscheidet.<\/span><\/p>\n<\/div>\n<p><span style=\"color: #361b02;\"><strong>Widerspruch gegen Werbemails<\/strong><\/span><\/p>\n<p><span style=\"color: #361b02;\">Der Nutzung von im Rahmen der Impressumspflicht ver\u00f6ffentlichten Kontaktdaten zur \u00dcbersendung von nicht ausdr\u00fccklich angeforderter Werbung und Informationsmaterialien wird hiermit widersprochen. Die Betreiber der Seiten behalten sich ausdr\u00fccklich rechtliche Schritte im Falle der unverlangten Zusendung von Werbeinformationen, etwa durch Spam-E-Mails, vor.<\/span><\/p>\n<div><span style=\"color: #361b02;\"><strong>Newsletter<\/strong><\/span><\/div>\n<div class=\"\">\n<div class=\"\"><span style=\"color: #361b02;\">\u00a0<\/span><\/div>\n<div class=\"\"><span class=\"\" style=\"color: #361b02;\">Sofern Sie den Newsletter erhalten m\u00f6chten, bitten wir Sie, uns schriftlich oder via Mail Ihre Zustimmung zum Newsletterversand zu erteilen. Es reicht aus, wenn Du uns Deine Mailadresse zukommen l\u00e4sst. Wir werden Dich dann noch einmal anschreiben, und Dich um die Best\u00e4tigung bitten, dass Du auch der Inhaber dieser Mailadresse bist. Sofern Du dies best\u00e4tigst, melden wir Dich ein. Dieser Newsletter kann jederzeit von Dir abbestellt werden.\u00a0<\/span><\/div>\n<div><span style=\"color: #361b02;\">\u00a0<\/span><\/div>\n<\/div>\n<div><span style=\"color: #361b02;\"><strong>Cookies<\/strong><\/span><\/div>\n<div>\n<p><span style=\"color: #361b02;\">Die Internetseiten verwenden teilweise so genannte Cookies. Cookies richten auf Ihrem Rechner keinen Schaden an und enthalten keine Viren. Cookies dienen dazu, unser Angebot nutzerfreundlicher, effektiver und sicherer zu machen. Cookies sind kleine Textdateien, die auf Ihrem Rechner abgelegt werden und die Ihr Browser speichert.<\/span><\/p>\n<p><span style=\"color: #361b02;\">Die meisten der von uns verwendeten Cookies sind so genannte \u201cSession-Cookies\u201d. Sie werden nach Ende Ihres Besuchs automatisch gel\u00f6scht. Andere Cookies bleiben auf Ihrem Endger\u00e4t gespeichert bis Sie diese l\u00f6schen. Diese Cookies erm\u00f6glichen es uns, Ihren Browser beim n\u00e4chsten Besuch wiederzuerkennen.<\/span><\/p>\n<p><span style=\"color: #361b02;\">Sie k\u00f6nnen Ihren Browser so einstellen, dass Sie \u00fcber das Setzen von Cookies informiert werden und Cookies nur im Einzelfall erlauben, die Annahme von Cookies f\u00fcr bestimmte F\u00e4lle oder generell ausschlie\u00dfen sowie das automatische L\u00f6schen der Cookies beim Schlie\u00dfen des Browser aktivieren. Bei der Deaktivierung von Cookies kann die Funktionalit\u00e4t dieser Website eingeschr\u00e4nkt sein.<\/span><\/p>\n<p><span style=\"color: #361b02;\">Cookies, die zur Durchf\u00fchrung des elektronischen Kommunikationsvorgangs oder zur Bereitstellung bestimmter, von Ihnen erw\u00fcnschter Funktionen (z.B. Warenkorbfunktion) erforderlich sind, werden auf Grundlage von Art. 6 Abs. 1 lit. f DSGVO gespeichert. Der Websitebetreiber hat ein berechtigtes Interesse an der Speicherung von Cookies zur technisch fehlerfreien und optimierten Bereitstellung seiner Dienste. Soweit andere Cookies (z.B. Cookies zur Analyse Ihres Surfverhaltens) gespeichert werden, werden diese in dieser Datenschutzerkl\u00e4rung gesondert behandelt.<\/span><\/p>\n<p><span style=\"color: #361b02;\"><strong>Server &#8211; Log &#8211; Dateien\u00a0<\/strong><\/span><\/p>\n<p><span style=\"color: #361b02;\">Der Provider der Seiten erhebt und speichert automatisch Informationen in so genannten Server-Log-Dateien, die Ihr Browser automatisch an uns \u00fcbermittelt. Dies sind:<\/span><\/p>\n<ul>\n<li><span style=\"color: #361b02;\">Browsertyp und Browserversion<\/span><\/li>\n<li><span style=\"color: #361b02;\">verwendetes Betriebssystem<\/span><\/li>\n<li><span style=\"color: #361b02;\">Referrer URL<\/span><\/li>\n<li><span style=\"color: #361b02;\">Hostname des zugreifenden Rechners<\/span><\/li>\n<li><span style=\"color: #361b02;\">Uhrzeit der Serveranfrage<\/span><\/li>\n<li><span style=\"color: #361b02;\">IP-Adresse<\/span><\/li>\n<\/ul>\n<p><span style=\"color: #361b02;\">Eine Zusammenf\u00fchrung dieser Daten mit anderen Datenquellen wird nicht vorgenommen.<\/span><\/p>\n<p><span style=\"color: #361b02;\">Grundlage f\u00fcr die Datenverarbeitung ist Art. 6 Abs. 1 lit. f DSGVO, der die Verarbeitung von Daten zur Erf\u00fcllung eines Vertrags oder vorvertraglicher Ma\u00dfnahmen gestattet.<\/span><\/p>\n<\/div>\n<div><span style=\"color: #361b02;\">\u00a0<\/span><\/div>\n<div><span style=\"color: #361b02;\"><strong>Google Web Fonts<\/strong><\/span><\/div>\n<div>\n<p><span style=\"color: #361b02;\">Diese Seite nutzt zur einheitlichen Darstellung von Schriftarten so genannte Web Fonts, die von Google bereitgestellt werden. Beim Aufruf einer Seite l\u00e4dt Ihr Browser die ben\u00f6tigten Web Fonts in ihren Browsercache, um Texte und Schriftarten korrekt anzuzeigen.<\/span><\/p>\n<p><span style=\"color: #361b02;\">Zu diesem Zweck muss der von Ihnen verwendete Browser Verbindung zu den Servern von Google aufnehmen. Hierdurch erlangt Google Kenntnis dar\u00fcber, dass \u00fcber Ihre IP-Adresse unsere Website aufgerufen wurde. Die Nutzung von Google Web Fonts erfolgt im Interesse einer einheitlichen und ansprechenden Darstellung unserer Online-Angebote. Dies stellt ein berechtigtes Interesse im Sinne von Art. 6 Abs. 1 lit. f DSGVO dar.<\/span><\/p>\n<p><span style=\"color: #361b02;\">Wenn Ihr Browser Web Fonts nicht unterst\u00fctzt, wird eine Standardschrift von Ihrem Computer genutzt.<\/span><\/p>\n<p><span style=\"color: #361b02;\">Weitere Informationen zu Google Web Fonts finden Sie unter <a style=\"color: #361b02;\" href=\"https:\/\/developers.google.com\/fonts\/faq\" target=\"_blank\" rel=\"noopener nofollow\">https:\/\/developers.google.com\/fonts\/faq<\/a>und in der Datenschutzerkl\u00e4rung von Google: <a style=\"color: #361b02;\" href=\"https:\/\/www.google.com\/policies\/privacy\/\" target=\"_blank\" rel=\"noopener nofollow\">https:\/\/www.google.com\/policies\/privacy\/<\/a>.<\/span><\/p>\n<p><span style=\"color: #361b02;\"><strong>Urheberrecht<\/strong><\/span><\/p>\n<p><span style=\"color: #361b02;\">Der Betreiber ist bestrebt, in allen Publikationen die Urheberrechte der verwendeten Grafiken, Sounds und Texte zu beachten, von ihm selbst erstellte Grafiken, Sounds und Texte zu nutzen oder auf lizenzfreie Grafiken, Sounds und Texte zur\u00fcckzugreifen. Sollte sich auf den jeweiligen Seiten dennoch eine ungekennzeichnete, aber durch fremdes Copyright gesch\u00fctzte Grafik, ein Sound oder Text befinden, so konnte das Copyright vom Betreiber nicht festgestellt werden. Im Falle einer solchen unbeabsichtigten Copyrightverletzung wird der Betreiber das entsprechende Objekt nach Benachrichtigung aus seiner Publikation entfernen bzw. mit dem entsprechenden Copyright kenntlich machen.<\/span><\/p>\n<p><span style=\"color: #361b02;\">Das Copyright f\u00fcr ver\u00f6ffentlichte, vom Betreiber selbst erstellte Texte, Grafiken und Sounds bleibt allein bei Alexandra H\u00f6f. Eine Vervielf\u00e4ltigung oder Verwendung solcher Grafiken, Sounds oder Texte in anderen elektronischen oder gedruckten Publikationen ist ohne ausdr\u00fcckliche Zustimmung des Betreibers nicht gestattet.<\/span><\/p>\n<\/div>\n<div>\n<p><span style=\"color: #361b02;\"><strong>Auskunfts- L\u00f6schungsrecht<\/strong><\/span><\/p>\n<\/div>\n<p><span style=\"color: #361b02;\">Sie haben im Rahmen der geltenden gesetzlichen Bestimmungen jederzeit das Recht auf Auskunft \u00fcber Ihre gespeicherten personenbezogenen Daten und ggf. ein Recht auf Berichtigung, Sperrung oder L\u00f6schung dieser Daten. Hierzu sowie zu weiteren Fragen zum Thema personenbezogene Daten k\u00f6nnen Sie sich jederzeit direkt an mich wenden unter: <a style=\"color: #361b02;\" href=\"mailto: kontakt@basicsforlife.de\">kontakt add basicsforlife.de<\/a><\/span><\/p>\n<div class=\"\"><span style=\"color: #361b02;\">\u00a0<\/span><\/div>\n","protected":false},"excerpt":{"rendered":"<p>\u00a0 \u00a0 Datenschutz Der `Basics for Life\u00b4 -Schule und deren Betreiber ist der Schutz Ihrer Daten sehr wichtig und wie schon in der Vergangenheit werden wir auch in Zukunft behutsam und verantwortungsvoll mit Ihren gespeicherten, personenbezogenen Daten (wie z.B. Name, &hellip; <a href=\"https:\/\/www.basicsforlife.de\/Hofheim\/datenschutzerklaerung\/\">Weiterlesen <span class=\"meta-nav\">&rarr;<\/span><\/a><\/p>\n","protected":false},"author":2,"featured_media":0,"parent":0,"menu_order":0,"comment_status":"closed","ping_status":"closed","template":"","meta":{"footnotes":""},"class_list":["post-1038","page","type-page","status-publish","hentry"],"_links":{"self":[{"href":"https:\/\/www.basicsforlife.de\/Hofheim\/wp-json\/wp\/v2\/pages\/1038","targetHints":{"allow":["GET"]}}],"collection":[{"href":"https:\/\/www.basicsforlife.de\/Hofheim\/wp-json\/wp\/v2\/pages"}],"about":[{"href":"https:\/\/www.basicsforlife.de\/Hofheim\/wp-json\/wp\/v2\/types\/page"}],"author":[{"embeddable":true,"href":"https:\/\/www.basicsforlife.de\/Hofheim\/wp-json\/wp\/v2\/users\/2"}],"replies":[{"embeddable":true,"href":"https:\/\/www.basicsforlife.de\/Hofheim\/wp-json\/wp\/v2\/comments?post=1038"}],"version-history":[{"count":9,"href":"https:\/\/www.basicsforlife.de\/Hofheim\/wp-json\/wp\/v2\/pages\/1038\/revisions"}],"predecessor-version":[{"id":1047,"href":"https:\/\/www.basicsforlife.de\/Hofheim\/wp-json\/wp\/v2\/pages\/1038\/revisions\/1047"}],"wp:attachment":[{"href":"https:\/\/www.basicsforlife.de\/Hofheim\/wp-json\/wp\/v2\/media?parent=1038"}],"curies":[{"name":"wp","href":"https:\/\/api.w.org\/{rel}","templated":true}]}}